{"id":65,"date":"2011-04-27T09:29:44","date_gmt":"2011-04-27T09:29:44","guid":{"rendered":"http:\/\/www.janezkotar.com\/fotografija\/?page_id=65"},"modified":"2011-06-19T22:03:31","modified_gmt":"2011-06-19T20:03:31","slug":"velika-noc-na-vicu-2011","status":"publish","type":"page","link":"https:\/\/www.janezkotar.com\/fotografija\/utrinki\/velika-noc-na-vicu-2011\/","title":{"rendered":"Velika no\u010d na Vi\u010du &#8211; 2011"},"content":{"rendered":"<p>Za kakovosten ogled filma priporo\u010dam &#8220;<strong>Full screen<\/strong>&#8221; na\u010din (pravokotna ikona desno spodaj) in seveda zvo\u010dnike ali slu\u0161alke.<br \/>\n<object id=\"vp1j1h18\" width=\"648\" height=\"360\" classid=\"clsid:d27cdb6e-ae6d-11cf-96b8-444553540000\"><param name=\"movie\" value=\"http:\/\/static.animoto.com\/swf\/w.swf?w=swf\/vp1&#038;e=1306593855&#038;f=j1h18gM83O710VpJVKj8lg&#038;d=595&#038;m=p&#038;r=240p+480p&#038;volume=50&#038;start_res=480p&#038;i=m&#038;ct=Janez%20Kotar%20(www.janezkotar.com)&#038;cu=http:\/\/www.janezkotar.com&#038;options=\"><\/param><param name=\"allowFullScreen\" value=\"true\"><\/param><param name=\"allowscriptaccess\" value=\"always\"><\/param><embed id=\"vp1j1h18\" src=\"http:\/\/static.animoto.com\/swf\/w.swf?w=swf\/vp1&#038;e=1306593855&#038;f=j1h18gM83O710VpJVKj8lg&#038;d=595&#038;m=p&#038;r=240p+480p&#038;volume=50&#038;start_res=480p&#038;i=m&#038;ct=Janez%20Kotar%20(www.janezkotar.com)&#038;cu=http:\/\/www.janezkotar.com&#038;options=\" type=\"application\/x-shockwave-flash\" allowscriptaccess=\"always\" allowfullscreen=\"true\" width=\"648\" height=\"360\"><\/embed><\/object><\/p>\n<p>Fotografija in produkcija: <a href=\"http:\/\/www.janezkotar.com\">Janez Kotar<\/a><br \/>\n[fbshare]<br \/><\/p>\n","protected":false},"excerpt":{"rendered":"<p>Za kakovosten ogled filma priporo\u010dam &#8220;Full screen&#8221; na\u010din (pravokotna ikona desno spodaj) in seveda zvo\u010dnike ali slu\u0161alke. Fotografija in produkcija: Janez Kotar [fbshare]<\/p>\n","protected":false},"author":1,"featured_media":87,"parent":62,"menu_order":0,"comment_status":"open","ping_status":"open","template":"","meta":{"footnotes":""},"class_list":["post-65","page","type-page","status-publish","hentry"],"_links":{"self":[{"href":"https:\/\/www.janezkotar.com\/fotografija\/wp-json\/wp\/v2\/pages\/65","targetHints":{"allow":["GET"]}}],"collection":[{"href":"https:\/\/www.janezkotar.com\/fotografija\/wp-json\/wp\/v2\/pages"}],"about":[{"href":"https:\/\/www.janezkotar.com\/fotografija\/wp-json\/wp\/v2\/types\/page"}],"author":[{"embeddable":true,"href":"https:\/\/www.janezkotar.com\/fotografija\/wp-json\/wp\/v2\/users\/1"}],"replies":[{"embeddable":true,"href":"https:\/\/www.janezkotar.com\/fotografija\/wp-json\/wp\/v2\/comments?post=65"}],"version-history":[{"count":16,"href":"https:\/\/www.janezkotar.com\/fotografija\/wp-json\/wp\/v2\/pages\/65\/revisions"}],"predecessor-version":[{"id":199,"href":"https:\/\/www.janezkotar.com\/fotografija\/wp-json\/wp\/v2\/pages\/65\/revisions\/199"}],"up":[{"embeddable":true,"href":"https:\/\/www.janezkotar.com\/fotografija\/wp-json\/wp\/v2\/pages\/62"}],"wp:featuredmedia":[{"embeddable":true,"href":"https:\/\/www.janezkotar.com\/fotografija\/wp-json\/wp\/v2\/media\/87"}],"wp:attachment":[{"href":"https:\/\/www.janezkotar.com\/fotografija\/wp-json\/wp\/v2\/media?parent=65"}],"curies":[{"name":"wp","href":"https:\/\/api.w.org\/{rel}","templated":true}]}}

Velika noč na Viču &#8211; 2011

<p>Za kakovosten ogled filma priporočam &#8220;<strong>Full screen</strong>&#8221; način (pravokotna ikona desno spodaj) in seveda zvočnike ali slušalke.<br />
<object id="vp1j1h18" width="648" height="360" classid="clsid:d27cdb6e-ae6d-11cf-96b8-444553540000"><param name="movie" value="http://static.animoto.com/swf/w.swf?w=swf/vp1&#038;e=1306593855&#038;f=j1h18gM83O710VpJVKj8lg&#038;d=595&#038;m=p&#038;r=240p+480p&#038;volume=50&#038;start_res=480p&#038;i=m&#038;ct=Janez%20Kotar%20(www.janezkotar.com)&#038;cu=http://www.janezkotar.com&#038;options="></param><param name="allowFullScreen" value="true"></param><param name="allowscriptaccess" value="always"></param><embed id="vp1j1h18" src="http://static.animoto.com/swf/w.swf?w=swf/vp1&#038;e=1306593855&#038;f=j1h18gM83O710VpJVKj8lg&#038;d=595&#038;m=p&#038;r=240p+480p&#038;volume=50&#038;start_res=480p&#038;i=m&#038;ct=Janez%20Kotar%20(www.janezkotar.com)&#038;cu=http://www.janezkotar.com&#038;options=" type="application/x-shockwave-flash" allowscriptaccess="always" allowfullscreen="true" width="648" height="360"></embed></object></p>
<p>Fotografija in produkcija: <a href="http://www.janezkotar.com">Janez Kotar</a><br />
[fbshare]<br /></p>

<p>Za kakovosten ogled filma priporočam &#8220;Full screen&#8221; način (pravokotna ikona desno spodaj) in seveda zvočnike ali slušalke. Fotografija in produkcija: Janez Kotar [fbshare]</p>
